*m + 8689. Determine k(6).
-17
Let k(s) = -3*s**3 + 295*s**2 + 204*s - 658. What is k(99)?
-64
Let x(n) = -32*n + 349. What is x(11)?
-3
Let b(v) = 5*v**2 + 88*v + 361. Calculate b(-11).
-2
Let a(w) = -w**3 + 16*w**2 + 128*w + 56. Determine a(22).
-32
Let s(x) = 67*x - 62. Give s(1).
5
Let n(d) = 5*d**2 + 63*d + 60. Determine n(-1).
2
Let k(i) = i**3 + 42*i**2 + 423*i + 27. Determine k(-17).
61
Let y(x) = -85*x - 61. Determine y(1).
-146
Let q(u) = 11*u**2 - 9*u + 5. Give q(1).
7
Let y(q) = 3*q**3 - 8*q**2 + 7*q - 46. What is y(5)?
164
Let w(h) = h**2 + 242*h - 27. What is w(0)?
-27
Let j(t) = t**3 - 8*t**2 - 73*t + 564. What is j(9)?
-12
Let v(g) = 165*g**2 + 289*g - 85. Give v(-2).
-3
Let s(z) = z**2 + 598*z - 13639. Determine s(22).
1
Let k(h) = -h**2 + 8*h + 247. Give k(20).
7
Let i(w) = -132*w + 1224. Determine i(9).
36
Let c(q) = 38*q**2 + 4*q + 53. Calculate c(0).
53
Let q(c) = c**2 - 27*c + 124. Determine q(8).
-28
Let j(y) = -y**2 - 13*y. Give j(16).
-464
Let b(y) = 300*y - 2352. Calculate b(8).
48
Let d(u) = u**3 + 3*u**2 - 57*u - 12. What is d(-9)?
15
Let u(v) = 2*v**2 - 586*v + 8842. Calculate u(277).
-22
Let u(r) = -42*r + 5. Give u(0).
5
Let k(c) = -2*c**3 - 36*c**2 - 138*c + 76. Determine k(-12).
4
Let m(d) = -2*d**2 + 17*d + 263. Calculate m(23).
-404
Let m(r) = -81*r + 817. Calculate m(8).
169
Let i(x) = 27586*x - 55175. Give i(2).
-3
Let c(y) = 112*y**2 - 111*y - 4. Determine c(1).
-3
Let t(z) = -20*z**3 + z**2 + z + 1. What is t(2)?
-153
Let c(l) = 2*l**3 + 283*l**2 + 135*l - 917. Determine c(-141).
-71
Let a(u) = -u**2 - 25*u - 62. What is a(-3)?
4
Let l(x) = -3*x**2 - 4292*x - 25644. What is l(-6)?
0
Let d(m) = -2*m**2 + 53*m - 356. Calculate d(14).
-6
Let q(z) = 39*z**2 + 835*z + 329. Give q(-21).
-7
Let m(q) = 6*q**3 + 1288*q**2 - 429*q + 194. Determine m(-215).
-21
Let p(f) = f**3 + 33*f**2 - 46*f + 837. Determine p(-35).
-3
Let d(g) = 33*g + 178. Give d(-5).
13
Let s(m) = -5*m + 160. What is s(7)?
125
Let i(d) = 3*d**2 - 28*d + 25. Give i(-7).
368
Let j(l) = -l**3 + 66*l**2 + 282*l - 13. What is j(70)?
127
Let p(v) = 3*v**3 - 5*v**2 - 16*v - 6. Determine p(4).
42
Let h(q) = 29*q - 47. Calculate h(5).
98
Let d(g) = -2*g**2 + 5*g - 25. Calculate d(3).
-28
Let r(m) = -2*m**3 - 11*m**2 - 25*m - 101. Calculate r(-5).
-1
Let d(i) = 14*i**2 + 280*i - 8. What is d(-20)?
-8
Let w(b) = -120*b + 1275. Determine w(7).
435
Let y(g) = -10*g**2 - 33*g + 24. Determine y(6).
-534
Let o(v) = 2*v**3 + 95*v**2 - 46*v + 166. Calculate o(-48).
70
Let g(h) = -2*h**2 + 54*h - 86. Determine g(27).
-86
Let p(f) = 9*f**3 - 109*f**2 + 16*f - 77. What is p(12)?
-29
Let c(t) = -2*t**3 + 151*t**2 + 235*t - 304. Calculate c(77).
4
Let m(k) = -k**3 + 6*k**2 - 11*k + 22. Calculate m(3).
16
Let n(p) = 15*p**2 + 50*p + 11. Determine n(0).
11
Let i(w) = -w**3 - w**2 + 14*w + 20. Determine i(-7).
216
Let b(v) = -20*v + 264. What is b(16)?
-56
Let i(s) = 3*s**2 + 1681*s - 3368. Calculate i(2).
6
Let s(l) = -57*l + 294. Calculate s(5).
9
Let u(g) = 313*g + 3321. Calculate u(-12).
-435
Let u(x) = 22*x**2 + 6*x + 24. Give u(-4).
352
Let o(p) = -p**2 - 19*p + 1978. What is o(36)?
-2
Let z(a) = -18*a - 242. Give z(-20).
118
Let p(s) = 5*s**2 - 13*s + 63. Give p(4).
91
Let c(i) = i**3 - 28*i**2 + 197*i - 14. Determine c(14).
0
Let h(l) = -l**2 - 41*l - 33. Calculate h(-9).
255
Let o(k) = -5*k**3 + 124*k**2 + 22*k + 70. Calculate o(25).
-5
Let u(c) = 2*c**3 - 19*c**2 + 42*c + 15. What is u(5)?
0
Let n(p) = 4*p**2 - 41*p - 166. What is n(13)?
-23
Let t(d) = -d**3 - 30*d**2 - 158*d + 12. What is t(-7)?
-9
Let a(w) = w**3 - 65*w**2 + 67*w - 196. Give a(64).
-4
Let c(n) = -5*n**3 + 3*n**2 + 8*n - 20. Determine c(4).
-260
Let c(m) = 2*m**3 - 94*m**2 + 737*m + 118. What is c(37)?
7
Let c(h) = 618*h - 3035. What is c(5)?
55
Let w(u) = u**3 + 50*u**2 + 3*u + 160. What is w(-50)?
10
Let j(f) = -2*f**2 - 115*f - 733. Give j(-50).
17
Let c(y) = -y**2 + 2710*y - 18925. What is c(7)?
-4
Let z(s) = s**3 - 369*s**2 - 745*s + 1104. What is z(371)?
-9
Let b(k) = -146*k + 329. Give b(4).
-255
Let p(w) = -176*w**2 - 27*w - 2. Calculate p(-1).
-151
Let m(f) = f**3 - 70*f**2 - 77*f + 442. Determine m(71).
16
Let j(g) = -8*g**3 + 63*g**2 + 61*g - 2. Determine j(-1).
8
Let w(m) = -32*m - 675. Give w(-18).
-99
Let u(y) = 6641*y + 19914. Determine u(-3).
-9
Let g(n) = 3*n**2 - 40*n - 76. Determine g(13).
-89
Let n(k) = k**3 - 8*k**2 + 6*k + 45. Determine n(6).
9
Let f(g) = -g**3 - 9*g**2 + 40*g + 282. Calculate f(-9).
-78
Let k(l) = -3*l**2 - 24*l + 44. What is k(-10)?
-16
Let k(h) = 4404*h + 13211. Determine k(-3).
-1
Let c(n) = -237*n**2 - 1427*n + 8. Determine c(-6).
38
Let b(z) = 165*z - 5272. Determine b(32).
8
Let d(j) = j**3 - 15*j**2 + 19*j + 141. Give d(5).
-14
Let g(y) = 244*y + 312. Determine g(-2).
-176
Let p(s) = s**3 + 41*s**2 - 41*s - 28. Determine p(-42).
-70
Let a(g) = 211*g + 2725. Calculate a(-13).
-18
Let f(t) = 117*t**2 - t - 2. Calculate f(1).
114
Let s(x) = -3*x**3 - 208*x**2 - 65*x + 53. Give s(-69).
-223
Let b(u) = 2*u**3 - 148*u**2 - 182*u + 2397. Give b(75).
-3
Let f(t) = 4*t**2 - 198*t + 113. What is f(49)?
15
Let x(h) = h**3 + 15*h**2 + 28*h - 52. Determine x(-14).
-248
Let p(b) = 31*b + 226. Determine p(-12).
-146
Let t(g) = -3*g**2 + 98*g + 431. Determine t(-4).
-9
Let p(x) = -6*x + 62. Give p(52).
-250
Let k(p) = 349*p + 4894. Give k(-14).
8
Let q(i) = -46*i + 42. Calculate q(4).
-142
Let y(c) = 14*c**2 + 1094*c + 160. What is y(-78)?
4
Let v(j) = -j**3 + 10*j**2 - 13*j + 10. Determine v(6).
76
Let n(o) = 24*o - 303. Give n(12).
-15
Let c(f) = -7*f**2 + 411*f - 3146. Give c(9).
-14
Let s(w) = -4*w**2 + 92*w + 78. Calculate s(24).
-18
Let w(o) = 407*o**2 + 5*o - 5. Calculate w(1).
407
Let r(z) = -z**3 - 3*z**2 + 28*z - 18. What is r(-8)?
78
Let t(j) = 143*j - 2676. Determine t(18).
-102
Let j(k) = 6*k**2 - 217*k + 830. Calculate j(4).
58
Let a(k) = -816*k + 4069. Calculate a(5).
-11
Let x(v) = -16*v - 37. Give x(-4).
27
Let z(f) = 3*f**3 - 236*f**2 - 73*f - 456. Give z(79).
18
Let a(l) = l**3 + 16*l**2 - 63*l - 1245. What is a(-14)?
29
Let b(y) = -3*y**2 + 117*y - 185. What is b(30)?
625
Let d(q) = 25*q**2 - 175*q + 18. Give d(7).
18
Let i(m) = -m**3 - 46*m**2 + 61*m - 1677. What is i(-48)?
3
Let y(p) = -4*p + 59. Determine y(-6).
83
Let f(r) = -5*r**2 - 191*r - 40. Calculate f(-38).
-2
Let b(y) = -18*y**3 - 8*y**2 + 6*y + 38. What is b(-2)?
138
Let r(q) = -14*q**2 - 2*q + 2. Give r(1).
-14
Let f(k) = -2*k**3 + 21*k**2 - 8*k - 17. Determine f(8).
239
Let d(z) = z**3 - 11*z**2 + 31*z - 7. What is d(6)?
-1
Let q(d) = 46*d**2 - 76*d + 5. Determine q(2).
37
Let j(k) = k**3 + 36*k**2 - 76*k - 1447. What is j(-37)?
-4
Let a(r) = -21*r**2 - 481*r + 14. Give a(-23).
-32
Let c(g) = g**2 - 52*g + 257. Determine c(46).
-19
Let h(w) = -2*w**3 + 21*w**2 + 9*w - 19. Calculate h(10).
171
Let p(o) = -676*o - 5381. Calculate p(-8).
27
Let n(r) = r**3 + 63*r**2 + 387*r - 277. Determine n(-56).
3
Let u(k) = 97*k - 1263. Determine u(13).
-2
Let p(a) = -7*a**2 - 33*a - 25. Give p(-3).
11
Let u(w) = -168*w - 5213. Determine u(-31).
-5
Let o(s) = 120*s - 6481. Calculate o(54).
-1
Let p(a) = 21*a**2 + 41*a + 8. Determine p(-6).
518
Let f(s) = -s**3 - 6*s**2 - 7*s - 82. What is f(-7)?
16
Let v(x) = -x**3 + 12*x**2 - 430*x + 3635. What is v(9)?
8
Let q(z) = -z**3 - 39*z**2 - 380*z + 3. Calculate q(-20).
3
Let d(s) = 2*s**3 + 133*s**2 - 485*s + 344. Calculate d(-70).
-6
Let b(p) = 198*p - 573. Determine b(4).
219
Let v(w) = -w**3 + 73*w**2 + 308*w + 3. Determine v(77).
3
Let j(v) = v**3 - 16*v**2 - 22*v + 58. What is j(18)?
310
Let m(w) = 38*w + 2. Calculate m(-2).
-74
Let p(l) = -l**3 + 37*l**2 + 91*l - 445. Calculate p(39).
62
Let m(n) = 2*n**2 + 126*n + 1143. What is m(-11)?
-1
Let j(w) = -77*w + 5933. Determine j(77).
4
Let h(b) = -88*b + 882. Give h(10).
2
Let f(v) = -v**3 - 108*v**2 + 566*v + 3. Calculate f(5).
8
Let c(r) = 12*r**3 - 805*r**2 + 66*r + 75. Calculate c(67).
8
Let p(y) = -44*y - 37. Calculate p(-6).
227
Let x(g) = 886*g - 20381. Calculate x(23).
-3
Let r(i) = 7*i**2 - 129*i - 233. What is r(20)?
-13
Let o(g) = -288*g + 2202. Determine o(6).
474
Let n(j) = 8*j**2 + 39*j - 27. What is n(-8)?
173
Let b(w) = w**2 - 12*w - 734. Calculate b(-24).
130
Let g(z) = 18*z